2. Determine k(-1).
6
Let c(l) = -l**2 - 10*l + 3. Give c(-10).
3
Let r(a) = -a**3 + 5*a**2 - 3*a - 1. Give r(4).
3
Let f(g) = -g**2 + 27*g + 32. Determine f(28).
4
Let m(w) = -w**2 - 2*w + 2. Give m(2).
-6
Let k(f) = f**3 + 2*f**2 + 4*f + 43. Calculate k(-4).
-5
Let z(t) = -t**2 - 18*t + 63. Determine z(-19).
44
Let j(o) = 2*o + 45. Give j(-20).
5
Let u(z) = 5*z - 3. Calculate u(11).
52
Let q(r) = -3*r - 13. What is q(3)?
-22
Let k(m) = -m**2 + 8*m - 3. Give k(8).
-3
Let a(l) = -14*l - 4. Determine a(3).
-46
Let v(h) = -h**3 + 4*h**2 + 12*h + 7. Determine v(6).
7
Let g(j) = 43*j**2 - 2*j + 2. Give g(-2).
178
Let c(q) = 8*q + 107. Calculate c(-14).
-5
Let t(i) = 2*i**3 - 4*i**2 - 19*i + 6. What is t(4)?
-6
Let r(a) = -17*a + 4. Give r(2).
-30
Let q(w) = w**2 + 10*w - 5. Give q(-10).
-5
Let w(c) = -2*c**3 + c**2 + 2*c + 2. Determine w(-2).
18
Let u(k) = -k**2 - 27*k + 17. Determine u(-27).
17
Let t(g) = 6*g**2 - g + 2. Give t(-2).
28
Let w(k) = -k**2 + 8*k + 3. Give w(8).
3
Let z(k) = 2*k**3 - 4*k**2 + 3*k - 6. Determine z(3).
21
Let l(r) = -r**2 + 6*r + 3. Calculate l(5).
8
Let n(z) = z + 5. What is n(5)?
10
Let i(h) = -6*h**2 - 1. Give i(-1).
-7
Let g(x) = -x**3 + 7*x**2 - 3*x - 2. Calculate g(3).
25
Let n(r) = r**2 - 5*r - 11. Determine n(6).
-5
Let i(n) = n**2 + n - 57. Determine i(7).
-1
Let a(y) = 93*y + 185. Give a(-2).
-1
Let a(d) = -3*d**3 + 27*d**2 - 3*d + 29. What is a(9)?
2
Let c(u) = -22*u - 224. Give c(-11).
18
Let k(n) = -n**2 + 10*n - 17. Give k(11).
-28
Let i(h) = -2*h**2 - 3*h + 1. What is i(0)?
1
Let h(s) = s**2 - s + 7. Determine h(0).
7
Let w(s) = -s**2 + s - 46. What is w(0)?
-46
Let q(f) = 4*f - 87. Determine q(32).
41
Let l(f) = f**2 + 6*f + 8. What is l(-4)?
0
Let s(b) = -33*b - 370. Give s(-11).
-7
Let a(d) = -d**3 + 5*d**2 - 8*d + 17. Give a(4).
1
Let i(y) = -3*y**2 - 14*y. Give i(-5).
-5
Let g(m) = 7*m - 164. Calculate g(24).
4
Let l(c) = -c**3 - 10*c**2 + 13*c - 11. Determine l(-11).
-33
Let h(z) = z**2 + 4*z + 1. What is h(-3)?
-2
Let x(q) = q**3 - 9*q**2 + 7*q + 1. Calculate x(8).
-7
Let y(x) = -2*x**3 - 6*x**2 + 6*x - 3. Determine y(-4).
5
Let c(b) = -b**3 - 18*b**2 + 5*b + 61. Calculate c(-18).
-29
Let v(t) = t**2 - 6*t - 12. What is v(8)?
4
Let l(u) = u + 18. What is l(-12)?
6
Let t(y) = -57*y**2 + y. What is t(-1)?
-58
Let z(d) = -d**3 + 5*d**2 + 2*d + 8. Give z(6).
-16
Let b(t) = -t + 10. Determine b(4).
6
Let m(d) = d**3 + d**2 + 3*d + 3. Determine m(0).
3
Let u(l) = 40*l**2 - l. Determine u(1).
39
Let t(d) = d**3 + 8*d**2 - 8*d + 14. What is t(-9)?
5
Let g(s) = 24*s - 29. Determine g(1).
-5
Let c(s) = -s**2 - 15*s - 46. Give c(-5).
4
Let j(v) = -31*v + 96. What is j(3)?
3
Let a(d) = d**3 - 6*d**2 - 3*d - 13. Determine a(7).
15
Let b(a) = -a**3 + 15*a**2 + 12. What is b(15)?
12
Let n(t) = -11*t - 597. Determine n(-54).
-3
Let s(w) = -w - 6. Calculate s(-9).
3
Let k(c) = 3*c**2 - 14*c + 5. Calculate k(6).
29
Let a(h) = h**2 + 10*h + 19. What is a(-4)?
-5
Let q(n) = -n**3 - 2*n**2 + 15*n + 16. Determine q(-5).
16
Let z(o) = -o**2 - 2*o + 61. Give z(6).
13
Let v(l) = -l**2 + 6*l - 24. Determine v(12).
-96
Let y(x) = -x**3 + 47*x**2 - 50*x + 194. Calculate y(46).
10
Let r(a) = 14*a - 1. Give r(-1).
-15
Let t(j) = 2*j**2 + 3*j - 4. Calculate t(-5).
31
Let q(o) = -o - 33. Give q(6).
-39
Let t(n) = n**3 + 19*n**2 + 17*n - 36. Calculate t(-18).
-18
Let c(a) = -a**2 + 8. Determine c(4).
-8
Let v(z) = 22*z - 1. Calculate v(1).
21
Let p(z) = z**2 - 6*z + 18. Determine p(6).
18
Let t(s) = 8*s + 4. Give t(5).
44
Let q(d) = -5*d + 54. Determine q(13).
-11
Let q(v) = -6*v**2 + 38*v - 22. Calculate q(7).
-50
Let c(g) = g + 5. Give c(9).
14
Let g(m) = m**3 - 4*m**2 - 21*m + 58. Give g(6).
4
Let c(d) = -2*d - 8. Calculate c(-5).
2
Let v(c) = -7*c - 2. What is v(-5)?
33
Let o(w) = -w**2 - 7*w - 15. What is o(-6)?
-9
Let m(b) = -b**2 - 12*b - 8. Determine m(-9).
19
Let i(f) = 17*f + 157. Determine i(-9).
4
Let g(a) = -7*a. Determine g(7).
-49
Let o(p) = p**3 - 6*p**2 - 6*p - 9. Determine o(7).
-2
Let y(r) = -r + 9. What is y(14)?
-5
Let s(q) = -q + 10. Calculate s(15).
-5
Let c(s) = s**3 + 2*s**2 - 6*s - 5. Give c(-4).
-13
Let h(b) = -2*b**3 + 3*b**2 - b + 2. What is h(3)?
-28
Let w(f) = f**3 - 23*f**2 - f + 18. Calculate w(23).
-5
Let o(p) = -p + 7. Determine o(-5).
12
Let f(t) = t**2 - 9*t + 6. What is f(10)?
16
Let k(z) = z**3 - 12*z**2 - 13*z + 11. What is k(13)?
11
Let h(o) = o - 1. Calculate h(-5).
-6
Let z(c) = c**2 + 17*c - 18. What is z(-18)?
0
Let k(y) = -y**2 - 7*y + 3. Give k(-6).
9
Let s(j) = -4*j**3 - j**2 + 2. What is s(2)?
-34
Let c(d) = d**3 + 10*d**2 - 6*d. Give c(-11).
-55
Let j(p) = -p**3 + 12*p**2 - 22*p + 10. Give j(10).
-10
Let r(m) = m**3 - 4*m**2 - 5*m + 6. Calculate r(4).
-14
Let q(z) = -2*z**2 - 11*z + 173. Determine q(7).
-2
Let s(q) = -q**3 + 6*q**2 - 3*q - 3. What is s(4)?
17
Let s(m) = m**3 - 30*m**2 - 33*m + 66. What is s(31)?
4
Let h(j) = j - 11. Calculate h(8).
-3
Let z(p) = p**2 - 3*p - 5. Determine z(6).
13
Let j(a) = -4*a + 12. Calculate j(0).
12
Let g(j) = -4*j - 32. Calculate g(-8).
0
Let m(g) = 10*g**2 + 3*g - 3. Give m(2).
43
Let y(q) = -2*q + 5. Determine y(5).
-5
Let x(l) = l**3 - 3*l**2 + l - 9. Determine x(0).
-9
Let t(x) = 2*x**2 - 8*x - 151. Calculate t(10).
-31
Let m(h) = -h**2 - h - 8. Calculate m(7).
-64
Let f(c) = c**3 - 32*c**2 - 68*c - 3. Calculate f(-2).
-3
Let l(j) = 3*j + 21. What is l(0)?
21
Let m(s) = s + 1. Determine m(-3).
-2
Let n(f) = 14*f**2 - 2. Give n(2).
54
Let x(u) = -u + 2. Give x(5).
-3
Let z(a) = -a**3 - 9*a**2 - 11*a + 8. What is z(-6)?
-34
Let s(y) = -y + 3. Determine s(0).
3
Let p(j) = -j**2 - 3*j + 10. What is p(3)?
-8
Let q(c) = -12*c**2 + 93*c - 5. Determine q(8).
-29
Let v(q) = -12*q**2 + 2*q + 9. Give v(-1).
-5
Let d(j) = -j**3 + 7*j**2 + 6*j - 68. Give d(6).
4
Let s(c) = c**3 - 8*c**2 - 8*c - 3. Give s(9).
6
Let o(g) = -g**3 - 7*g**2 - 6*g - 14. Determine o(-6).
-14
Let i(r) = r**3 - 11*r**2 + 3*r - 50. What is i(11)?
-17
Let s(t) = -12*t + 14. What is s(4)?
-34
Let s(a) = -a**2 + 9*a + 14. Determine s(0).
14
Let r(h) = -29*h - 1. Calculate r(-1).
28
Let t(z) = -z**2 - z + 5. Determine t(-3).
-1
Let a(i) = 3*i**2 + 2*i - 4. Give a(2).
12
Let j(i) = -i**3 + 12*i + 9. Calculate j(-5).
74
Let z(c) = 6*c - 5. What is z(2)?
7
Let p(t) = t**2 - 14*t - 2. Calculate p(14).
-2
Let f(u) = -u**3 - 9*u**2 - 10*u - 13. What is f(-6)?
-61
Let g(z) = -2*z - 29. Calculate g(-16).
3
Let o(f) = -f**3 - 14*f**2 - f - 4. What is o(-14)?
10
Let u(y) = y**2 - 9*y - 1. Give u(10).
9
Let g(f) = 2*f**2 - 7*f - 2. Calculate g(2).
-8
Let d(s) = s + 9. Give d(-17).
-8
Let p(d) = -13*d + 33. Determine p(2).
7
Let j(s) = 37*s - 257. Give j(7).
2
Let k(i) = -i**3 + 9*i**2 + 4. Give k(8).
68
Let q(d) = 2*d + 4. Calculate q(15).
34
Let h(d) = 3*d**2 + d + 1. Calculate h(2).
15
Let z(y) = -y**2 + 26*y + 26. Give z(27).
-1
Let s(a) = -2*a**3 + 39*a**2 - 20*a + 8. Determine s(19).
-11
Let g(v) = -2*v + 17. Give g(7).
3
Let k(i) = 22*i - 5. Give k(-3).
-71
Let p(k) = 9*k + 5. Calculate p(-1).
-4
Let y(v) = -9*v**2 - 2*v + 4. What is y(2)?
-36
Let h(r) = 2*r**3 - 9*r**2 - 6*r + 2. Calculate h(7).
205
Let l(n) = 10*n**2 - n + 1. Determine l(1).
10
Let f(t) = 11*t - 42. Give f(4).
2
Let w(z) = z**2 + 6*z - 11. Determine w(-7).
-4
Let g(s) = s**2 - 31*s - 71. Calculate g(34).
31
Let m(n) = n. What is m(7)?
7
Let j(m) = 4*m + 98. Determine j(-24).
2
Let o(i) = i**2 - 8*i - 42. Give o(-4).
6
Let u(a) = -8*a**2 - 38*a + 4. What is u(-5)?
-6
Let g(r) = r**3 + 10*r**2 + 13*r - 23. Determine g(-8).
1
Let q(j) = -8*j - 4. Give q(-3).
20
Let j(p) = p**2 - 34*p + 37. Calculate j(33).
4
Let n(t) = 3*t**3 - 13*t**2 - 8*t - 12. Determine n(5).
-2
Let f(v) = v**3 - v**2 + 5*v + 5. Calculate f(-1).
-2
Let f(p) = -2*p**2 - 21*p - 52. What is f(-5)?
3
Let y(g) = -7*g**2 - g. Calculate y(2).
-30
Let r(i) = 5*i**2 + 4*i + 23. Give r(-3).
56
Let u(d) = -d**3 - 7*d**2 + 10*d + 14. Determine u(-8).
-2
Let c(v) = 9*v. Give c(-5).
-45
Let o(c) = -2*c + 1. Give o(0).
1
Let o(l) = 4*l + 56. Calculate o(-13).
4
Let y(v) = v**2 - v + 3. Determine y(6).
33
Let s(u) = 4*u**3 + 3*u**2 + 3*u + 1. Give s(-1).
-3
Let t(q) = q**3 + 20*q**2 + 59*q - 80. Give t(-16).
0
Let g(w) = 3*w**3 + 3*w**2 - 4*w - 2. Give g(-3).
-4